e
Is 300313291 a composite number?
False
Is 5134474661 a prime number?
True
Is 77882699 a composite number?
False
Is 510429931 composite?
True
Is 733995617 a prime number?
False
Is 11234304139 composite?
True
Is 15426489658 composite?
True
Is 1781086319 composite?
False
Is 14865156343 a prime number?
True
Is 10359463883 a composite number?
False
Is 4969540783 a prime number?
True
Is 15815381927 a prime number?
True
Is 164526179 a composite number?
True
Is 221593567033 prime?
True
Is 5013399581 a prime number?
True
Is 19088373221 a composite number?
False
Is 32965887679 prime?
False
Is 27185120923 composite?
False
Is 2080423 composite?
False
Is 230260357 composite?
True
Is 3961907057 a composite number?
False
Is 3958745501 a composite number?
True
Is 5526120359 prime?
True
Is 16219849579 a composite number?
True
Is 369766799 composite?
False
Is 2906796863 composite?
True
Is 46546417 a composite number?
False
Is 31563335179 composite?
False
Is 115909267157 a composite number?
True
Is 1267842889 a composite number?
True
Is 315955327 a prime number?
True
Is 2960968847 prime?
True
Is 1917370001 a composite number?
True
Is 4038536033 prime?
False
Is 7673480599 composite?
True
Is 26719071367 prime?
False
Is 8662557443 prime?
False
Is 1124030543 a composite number?
True
Is 2986323541 a composite number?
True
Is 268191143 prime?
False
Is 877132489 prime?
True
Is 3286469423 a prime number?
True
Is 4947091451 a prime number?
True
Is 13329896693 a prime number?
False
Is 6569917129 prime?
True
Is 2293932941 prime?
False
Is 1637372029 prime?
True
Is 45313108193 a prime number?
True
Is 14347525873 composite?
False
Is 5419792361 a prime number?
False
Is 20690525183 a composite number?
False
Is 112934995813 a prime number?
False
Is 46045591259 composite?
True
Is 2875684477 a prime number?
True
Is 12731535199 a prime number?
True
Is 6357024197 composite?
False
Is 223112339 prime?
True
Is 174083241 prime?
False
Is 2008875859 prime?
True
Is 495185567 a prime number?
True
Is 403014457 prime?
True
Is 864653377 prime?
False
Is 578693923 a prime number?
False
Is 811197011 a prime number?
True
Is 14263285273 a composite number?
True
Is 61148995463 prime?
True
Is 182684763587 composite?
False
Is 4271060533 prime?
True
Is 220459653403 composite?
True
Is 17051134643 a composite number?
False
Is 74564546513 prime?
False
Is 1539829546 a composite number?
True
Is 206624779 a prime number?
False
Is 448344593 a prime number?
True
Is 52780561 a composite number?
True
Is 12508422755 prime?
False
Is 20727839771 composite?
False
Is 42461052421 composite?
True
Is 1865764267 a prime number?
True
Is 2607437983 a prime number?
True
Is 34825711357 composite?
False
Is 135075371 composite?
False
Is 1882335827 composite?
False
Is 4409408231 a composite number?
False
Is 8444793193 composite?
False
Is 378083627 prime?
True
Is 287335819 prime?
False
Is 181068661 composite?
False
Is 1771001989 composite?
True
Is 1421034259 composite?
False
Is 41698973013 composite?
True
Is 524487179 composite?
True
Is 6993946771 a composite number?
True
Is 262469461 a prime number?
True
Is 61635302087 a composite number?
True
Is 117319364185 a prime number?
False
Is 10659858749 prime?
False
Is 3406367759 prime?
True
Is 4243652663 prime?
False
Is 35177877151 composite?
False
Is 30134046167 a prime number?
False
Is 29640114433 a composite number?
False
Is 32056458439 prime?
True
Is 128413176481 composite?
True
Is 3275188529 prime?
True
Is 4125904457 composite?
True
Is 618736291 composite?
False
Is 1780287287 a prime number?
False
Is 26498892119 a composite number?
True
Is 69235704961 composite?
False
Is 216716923 composite?
True
Is 1583802071 a prime number?
True
Is 387529691 a composite number?
True
Is 79197260009 a prime number?
False
Is 3823564159 a prime number?
True
Is 4880172953 composite?
True
Is 95389513438 a composite number?
True
Is 84288019 composite?
False
Is 9470867017 a prime number?
True
Is 180435238 composite?
True
Is 714340039 composite?
True
Is 34832767 a composite number?
False
Is 61763488151 a composite number?
True
Is 9940112131 a prime number?
False
Is 85174673 a composite number?
False
Is 5893783117 prime?
True
Is 32702410411 composite?
True
Is 3959583839 composite?
False
Is 6650468117 a prime number?
False
Is 2535702853 composite?
False
Is 13905688963 composite?
True
Is 3069576247 a prime number?
True
Is 1823564717 prime?
False
Is 14334453571 a composite number?
False
Is 3189781037 a prime number?
False
Is 1923330077 composite?
False
Is 428867513 a composite number?
True
Is 135562286891 composite?
True
Is 616309907 prime?
False
Is 6357038381 prime?
True
Is 2328316673 a prime number?
True
Is 5119508519 composite?
False
Is 2957289691 a prime number?
False
Is 224847541 a composite number?
True
Is 62413846997 prime?
False
Is 733362647 a prime number?
True
Is 57864053813 prime?
True
Is 193277099 prime?
True
Is 8843187779 a prime number?
True
Is 2635642567 a prime number?
False
Is 234456767 a composite number?
False
Is 1331502553 composite?
True
Is 104976111 a prime number?
False
Is 11606023727 prime?
True
Is 6085021609 a composite number?
False
Is 652624873 a prime number?
False
Is 21463540346 composite?
True
Is 37511603177 a composite number?
False
Is 46589748377 a prime number?
True
Is 2559443233 a composite number?
True
Is 15239591779 a composite number?
True
Is 11519086727 a composite number?
True
Is 6774920935 a composite number?
True
Is 23368903547 prime?
False
Is 502750763 a composite number?
False
Is 9411336989 prime?
True
Is 1464854101 a composite number?
False
Is 1144609463 composite?
False
Is 2891694122 a composite number?
True
Is 41696990149 composite?
True
Is 840243009 composite?
True
Is 25595230627 composite?
False
Is 49409023 a prime number?
False
Is 72173467789 a composite number?
True
Is 43042845506 composite?
True
Is 6141464257 a composite number?
False
Is 3310025423 a composite number?
True
Is 1709922313 a prime number?
False
Is 29362485479 a composite number?
True
Is 1141367783 a composite number?
False
Is 425367469 prime?
False
Is 83627882005 prime?
False
Is 929267743 prime?
True
Is 15001993037 prime?
False
Is 33643771619 a prime number?
True
Is 4520789015 prime?
False
Is 65488611701 a composite number?
False
Is 63234850499 a prime number?
True
Is 295887677 a composite number?
False
Is 949868957 a composite number?
True
Is 28417046573 prime?
True
Is 97859507 a composite number?
True
Is 10265398631 prime?
True
Is 9105694643 a prime number?
False
Is 293674463 a composite number?
True
Is 310503071 composite?
False
Is 2787390857 composite?
False
Is 438039791 a prime number?
False
Is 3990757553 a prime number?
True
Is 3819711373 a composite number?
True
Is 936241781 composite?
False
Is 6234787403 a prime number?
False
Is 7370636551 a composite number?
False
Is 463127459 composite?
False
Is 554241461 a prime number?
True
Is 8743134557 a prime number?
True
Is 96396490811 composite?
False
Is 41933056229 prime?
False
Is 1810059457 composite?
False
Is 7042707803 a prime number?
True
Is 1961542903 a prime number?
False
Is 20980378699 prime?
False
Is 52020361322 composite?
True
Is 249619753 prime?
True
Is 96046262651 composite?
False
Is 2474583499 a composite number?
True
Is 13542957089 a prime number?
False
Is 120646706 a composite number?
True
Is 133225843 a prime number?
True
Is 44478179366 a prime number?
False
Is 1505969743 a composite number?
True
Is 120320962451 a composite number?
False
Is 137949439 a composite number?
True
Is 165477747829 prime?
False
Is 27190880417 composite?
True
Is 1665687593 a composite number?
False
Is 624601652437 a composite number?
True
Is 151786381 a composite number?
False
Is 2942909231 a prime number?
True
Is 4336107311 prime?
False
Is 35625551397 a prime number?
False
Is 2133962627 a prime number?
False
Is 69976633 a composite number?
False
Is 25196649019 a prime number?
True
Is 3536946839 a composite number?
True
Is 74671122655 a composite number?
True
Is 330088267 composite?
False
Is 64359808991 prime?
False
Is 3092154797 a composite number?
True
Is 4874499139 prime?
True
Is 34037099821 prime?
True
Is 78928590157 prime?
True
Is 2570939551 a prime number?
True
Is 3901895477 a composite number?
False
Is 631417541 composite?
True
Is 13246204